{"id":237794,"date":"2023-02-06T09:14:17","date_gmt":"2023-02-06T08:14:17","guid":{"rendered":"https:\/\/eko-haus.de\/wp-content\/uploads\/2023\/02\/teezeremonie-im-saal.jpg"},"modified":"2023-11-21T10:40:54","modified_gmt":"2023-11-21T09:40:54","slug":"teezeremonie-im-saal-2","status":"inherit","type":"attachment","link":"https:\/\/eko-haus.de\/en\/teezeremonie-im-saal-2\/","title":{"rendered":"teezeremonie-im-saal"},"author":2,"featured_media":0,"comment_status":"closed","ping_status":"closed","template":"","meta":{"_acf_changed":false,"_et_pb_use_builder":"","_et_pb_old_content":"","_et_gb_content_width":""},"wf_attachment_folders":[96],"class_list":["post-237794","attachment","type-attachment","status-inherit","hentry"],"acf":[],"yoast_head":"<!-- This site is optimized with the Yoast SEO plugin v27.4 - https:\/\/yoast.com\/product\/yoast-seo-wordpress\/ -->\n<title>teezeremonie-im-saal &#8226; EK\u014c-Haus<\/title>\n<meta name=\"robots\" content=\"index, follow, max-snippet:-1, max-image-preview:large, max-video-preview:-1\" \/>\n<link rel=\"canonical\" href=\"https:\/\/eko-haus.de\/en\/teezeremonie-im-saal-2\/\" \/>\n<meta property=\"og:locale\" content=\"en_US\" \/>\n<meta property=\"og:type\" content=\"article\" \/>\n<meta property=\"og:title\" content=\"teezeremonie-im-saal &#8226; EK\u014c-Haus\" \/>\n<meta property=\"og:description\" content=\"EK\u014c-Haus D\u00fcsseldorf\" \/>\n<meta property=\"og:url\" content=\"https:\/\/eko-haus.de\/en\/teezeremonie-im-saal-2\/\" \/>\n<meta property=\"og:site_name\" content=\"EK\u014c-Haus\" \/>\n<meta property=\"article:modified_time\" content=\"2023-11-21T09:40:54+00:00\" \/>\n<meta property=\"og:image\" content=\"https:\/\/eko-haus.de\/wp-content\/uploads\/2023\/02\/teezeremonie-im-saal-scaled-e1684575240311.jpg\" \/>\n\t<meta property=\"og:image:width\" content=\"2560\" \/>\n\t<meta property=\"og:image:height\" content=\"1920\" \/>\n\t<meta property=\"og:image:type\" content=\"image\/jpeg\" \/>\n<script type=\"application\/ld+json\" class=\"yoast-schema-graph\">{\"@context\":\"https:\\\/\\\/schema.org\",\"@graph\":[{\"@type\":\"WebPage\",\"@id\":\"https:\\\/\\\/eko-haus.de\\\/en\\\/teezeremonie-im-saal-2\\\/\",\"url\":\"https:\\\/\\\/eko-haus.de\\\/en\\\/teezeremonie-im-saal-2\\\/\",\"name\":\"teezeremonie-im-saal &#8226; EK\u014c-Haus\",\"isPartOf\":{\"@id\":\"https:\\\/\\\/eko-haus.de\\\/en\\\/#website\"},\"datePublished\":\"2023-02-06T08:14:17+00:00\",\"dateModified\":\"2023-11-21T09:40:54+00:00\",\"breadcrumb\":{\"@id\":\"https:\\\/\\\/eko-haus.de\\\/en\\\/teezeremonie-im-saal-2\\\/#breadcrumb\"},\"inLanguage\":\"en-US\",\"potentialAction\":[{\"@type\":\"ReadAction\",\"target\":[\"https:\\\/\\\/eko-haus.de\\\/en\\\/teezeremonie-im-saal-2\\\/\"]}]},{\"@type\":\"BreadcrumbList\",\"@id\":\"https:\\\/\\\/eko-haus.de\\\/en\\\/teezeremonie-im-saal-2\\\/#breadcrumb\",\"itemListElement\":[{\"@type\":\"ListItem\",\"position\":1,\"name\":\"Startseite\",\"item\":\"https:\\\/\\\/eko-haus.de\\\/en\\\/\"},{\"@type\":\"ListItem\",\"position\":2,\"name\":\"teezeremonie-im-saal\"}]},{\"@type\":\"WebSite\",\"@id\":\"https:\\\/\\\/eko-haus.de\\\/en\\\/#website\",\"url\":\"https:\\\/\\\/eko-haus.de\\\/en\\\/\",\"name\":\"EK\u014c-Haus\",\"description\":\"der JapanischenKulturen e.V.\",\"potentialAction\":[{\"@type\":\"SearchAction\",\"target\":{\"@type\":\"EntryPoint\",\"urlTemplate\":\"https:\\\/\\\/eko-haus.de\\\/en\\\/?s={search_term_string}\"},\"query-input\":{\"@type\":\"PropertyValueSpecification\",\"valueRequired\":true,\"valueName\":\"search_term_string\"}}],\"inLanguage\":\"en-US\"}]}<\/script>\n<!-- \/ Yoast SEO plugin. -->","yoast_head_json":{"title":"teezeremonie-im-saal &#8226; EK\u014c-Haus","robots":{"index":"index","follow":"follow","max-snippet":"max-snippet:-1","max-image-preview":"max-image-preview:large","max-video-preview":"max-video-preview:-1"},"canonical":"https:\/\/eko-haus.de\/en\/teezeremonie-im-saal-2\/","og_locale":"en_US","og_type":"article","og_title":"teezeremonie-im-saal &#8226; EK\u014c-Haus","og_description":"EK\u014c-Haus D\u00fcsseldorf","og_url":"https:\/\/eko-haus.de\/en\/teezeremonie-im-saal-2\/","og_site_name":"EK\u014c-Haus","article_modified_time":"2023-11-21T09:40:54+00:00","og_image":[{"width":2560,"height":1920,"url":"https:\/\/eko-haus.de\/wp-content\/uploads\/2023\/02\/teezeremonie-im-saal-scaled-e1684575240311.jpg","type":"image\/jpeg"}],"schema":{"@context":"https:\/\/schema.org","@graph":[{"@type":"WebPage","@id":"https:\/\/eko-haus.de\/en\/teezeremonie-im-saal-2\/","url":"https:\/\/eko-haus.de\/en\/teezeremonie-im-saal-2\/","name":"teezeremonie-im-saal &#8226; EK\u014c-Haus","isPartOf":{"@id":"https:\/\/eko-haus.de\/en\/#website"},"datePublished":"2023-02-06T08:14:17+00:00","dateModified":"2023-11-21T09:40:54+00:00","breadcrumb":{"@id":"https:\/\/eko-haus.de\/en\/teezeremonie-im-saal-2\/#breadcrumb"},"inLanguage":"en-US","potentialAction":[{"@type":"ReadAction","target":["https:\/\/eko-haus.de\/en\/teezeremonie-im-saal-2\/"]}]},{"@type":"BreadcrumbList","@id":"https:\/\/eko-haus.de\/en\/teezeremonie-im-saal-2\/#breadcrumb","itemListElement":[{"@type":"ListItem","position":1,"name":"Startseite","item":"https:\/\/eko-haus.de\/en\/"},{"@type":"ListItem","position":2,"name":"teezeremonie-im-saal"}]},{"@type":"WebSite","@id":"https:\/\/eko-haus.de\/en\/#website","url":"https:\/\/eko-haus.de\/en\/","name":"EK\u014c-Haus","description":"der JapanischenKulturen e.V.","potentialAction":[{"@type":"SearchAction","target":{"@type":"EntryPoint","urlTemplate":"https:\/\/eko-haus.de\/en\/?s={search_term_string}"},"query-input":{"@type":"PropertyValueSpecification","valueRequired":true,"valueName":"search_term_string"}}],"inLanguage":"en-US"}]}},"description":{"rendered":"<p class=\"attachment\"><a href='https:\/\/eko-haus.de\/wp-content\/uploads\/2023\/02\/teezeremonie-im-saal-scaled-e1684575240311.jpg'><img loading=\"lazy\" decoding=\"async\" width=\"300\" height=\"225\" src=\"https:\/\/eko-haus.de\/wp-content\/uploads\/2023\/02\/teezeremonie-im-saal-300x225.jpg\" class=\"attachment-medium size-medium\" alt=\"\" \/><\/a><\/p>\n"},"caption":{"rendered":"<p>EK\u014c-Haus D\u00fcsseldorf<\/p>\n"},"alt_text":"","media_type":"image","mime_type":"image\/jpeg","media_details":{"width":2560,"height":1920,"file":"2023\/02\/teezeremonie-im-saal-scaled.jpg","filesize":518506,"sizes":{"medium":{"file":"teezeremonie-im-saal-300x225.jpg","width":300,"height":225,"filesize":26544,"mime_type":"image\/jpeg","source_url":"https:\/\/eko-haus.de\/wp-content\/uploads\/2023\/02\/teezeremonie-im-saal-300x225.jpg"},"large":{"file":"teezeremonie-im-saal-1024x768.jpg","width":1024,"height":768,"filesize":135073,"mime_type":"image\/jpeg","source_url":"https:\/\/eko-haus.de\/wp-content\/uploads\/2023\/02\/teezeremonie-im-saal-1024x768.jpg"},"thumbnail":{"file":"teezeremonie-im-saal-150x150.jpg","width":150,"height":150,"filesize":16461,"mime_type":"image\/jpeg","source_url":"https:\/\/eko-haus.de\/wp-content\/uploads\/2023\/02\/teezeremonie-im-saal-150x150.jpg"},"medium_large":{"file":"teezeremonie-im-saal-768x576.jpg","width":768,"height":576,"filesize":88383,"mime_type":"image\/jpeg","source_url":"https:\/\/eko-haus.de\/wp-content\/uploads\/2023\/02\/teezeremonie-im-saal-768x576.jpg"},"1536x1536":{"file":"teezeremonie-im-saal-1536x1152.jpg","width":1536,"height":1152,"filesize":247600,"mime_type":"image\/jpeg","source_url":"https:\/\/eko-haus.de\/wp-content\/uploads\/2023\/02\/teezeremonie-im-saal-1536x1152.jpg"},"2048x2048":{"file":"teezeremonie-im-saal-2048x1536.jpg","width":2048,"height":1536,"filesize":375692,"mime_type":"image\/jpeg","source_url":"https:\/\/eko-haus.de\/wp-content\/uploads\/2023\/02\/teezeremonie-im-saal-2048x1536.jpg"},"et-pb-post-main-image":{"file":"teezeremonie-im-saal-400x250.jpg","width":400,"height":250,"filesize":33801,"mime_type":"image\/jpeg","source_url":"https:\/\/eko-haus.de\/wp-content\/uploads\/2023\/02\/teezeremonie-im-saal-400x250.jpg"},"et-pb-post-main-image-fullwidth":{"file":"teezeremonie-im-saal-1080x675.jpg","width":1080,"height":675,"filesize":133516,"mime_type":"image\/jpeg","source_url":"https:\/\/eko-haus.de\/wp-content\/uploads\/2023\/02\/teezeremonie-im-saal-1080x675.jpg"},"et-pb-portfolio-image":{"file":"teezeremonie-im-saal-400x284.jpg","width":400,"height":284,"filesize":35513,"mime_type":"image\/jpeg","source_url":"https:\/\/eko-haus.de\/wp-content\/uploads\/2023\/02\/teezeremonie-im-saal-400x284.jpg"},"et-pb-portfolio-module-image":{"file":"teezeremonie-im-saal-510x382.jpg","width":510,"height":382,"filesize":49154,"mime_type":"image\/jpeg","source_url":"https:\/\/eko-haus.de\/wp-content\/uploads\/2023\/02\/teezeremonie-im-saal-510x382.jpg"},"et-pb-portfolio-image-single":{"file":"teezeremonie-im-saal-1080x810.jpg","width":1080,"height":810,"filesize":146897,"mime_type":"image\/jpeg","source_url":"https:\/\/eko-haus.de\/wp-content\/uploads\/2023\/02\/teezeremonie-im-saal-1080x810.jpg"},"et-pb-gallery-module-image-portrait":{"file":"teezeremonie-im-saal-400x516.jpg","width":400,"height":516,"filesize":48987,"mime_type":"image\/jpeg","source_url":"https:\/\/eko-haus.de\/wp-content\/uploads\/2023\/02\/teezeremonie-im-saal-400x516.jpg"},"et-pb-post-main-image-fullwidth-large":{"file":"teezeremonie-im-saal-2880x1800.jpg","width":2880,"height":1800,"filesize":548478,"mime_type":"image\/jpeg","source_url":"https:\/\/eko-haus.de\/wp-content\/uploads\/2023\/02\/teezeremonie-im-saal-2880x1800.jpg"},"et-pb-image--responsive--desktop":{"file":"teezeremonie-im-saal-1280x960.jpg","width":1280,"height":960,"filesize":189609,"mime_type":"image\/jpeg","source_url":"https:\/\/eko-haus.de\/wp-content\/uploads\/2023\/02\/teezeremonie-im-saal-1280x960.jpg"},"et-pb-image--responsive--tablet":{"file":"teezeremonie-im-saal-980x735.jpg","width":980,"height":735,"filesize":126892,"mime_type":"image\/jpeg","source_url":"https:\/\/eko-haus.de\/wp-content\/uploads\/2023\/02\/teezeremonie-im-saal-980x735.jpg"},"et-pb-image--responsive--phone":{"file":"teezeremonie-im-saal-480x360.jpg","width":480,"height":360,"filesize":45140,"mime_type":"image\/jpeg","source_url":"https:\/\/eko-haus.de\/wp-content\/uploads\/2023\/02\/teezeremonie-im-saal-480x360.jpg"},"full":{"file":"teezeremonie-im-saal-scaled-e1684575240311.jpg","width":2560,"height":1920,"mime_type":"image\/jpeg","source_url":"https:\/\/eko-haus.de\/wp-content\/uploads\/2023\/02\/teezeremonie-im-saal-scaled-e1684575240311.jpg"}},"image_meta":{"aperture":"2.2","credit":"","camera":"FIG-LX1","caption":"","created_timestamp":"1668867507","copyright":"","focal_length":"3.21","iso":"320","shutter_speed":"0.04","title":"","orientation":"1","keywords":[]},"original_image":"teezeremonie-im-saal.jpg"},"post":null,"source_url":"https:\/\/eko-haus.de\/wp-content\/uploads\/2023\/02\/teezeremonie-im-saal-scaled-e1684575240311.jpg","_links":{"self":[{"href":"https:\/\/eko-haus.de\/en\/wp-json\/wp\/v2\/media\/237794","targetHints":{"allow":["GET"]}}],"collection":[{"href":"https:\/\/eko-haus.de\/en\/wp-json\/wp\/v2\/media"}],"about":[{"href":"https:\/\/eko-haus.de\/en\/wp-json\/wp\/v2\/types\/attachment"}],"author":[{"embeddable":true,"href":"https:\/\/eko-haus.de\/en\/wp-json\/wp\/v2\/users\/2"}],"wp:term":[{"taxonomy":"wf_attachment_folders","embeddable":true,"href":"https:\/\/eko-haus.de\/en\/wp-json\/wp\/v2\/wf_attachment_folders?post=237794"}],"curies":[{"name":"wp","href":"https:\/\/api.w.org\/{rel}","templated":true}]}}

<!-- This site is optimized with the Yoast SEO plugin v27.4 - https://yoast.com/product/yoast-seo-wordpress/ -->
<title>teezeremonie-im-saal &#8226; EKŌ-Haus</title>
<meta name="robots" content="index, follow, max-snippet:-1, max-image-preview:large, max-video-preview:-1" />
<link rel="canonical" href="https://eko-haus.de/en/teezeremonie-im-saal-2/" />
<meta property="og:locale" content="en_US" />
<meta property="og:type" content="article" />
<meta property="og:title" content="teezeremonie-im-saal &#8226; EKŌ-Haus" />
<meta property="og:description" content="EKŌ-Haus Düsseldorf" />
<meta property="og:url" content="https://eko-haus.de/en/teezeremonie-im-saal-2/" />
<meta property="og:site_name" content="EKŌ-Haus" />
<meta property="article:modified_time" content="2023-11-21T09:40:54+00:00" />
<meta property="og:image" content="https://eko-haus.de/wp-content/uploads/2023/02/teezeremonie-im-saal-scaled-e1684575240311.jpg" />
	<meta property="og:image:width" content="2560" />
	<meta property="og:image:height" content="1920" />
	<meta property="og:image:type" content="image/jpeg" />
<script type="application/ld+json" class="yoast-schema-graph">{"@context":"https:\/\/schema.org","@graph":[{"@type":"WebPage","@id":"https:\/\/eko-haus.de\/en\/teezeremonie-im-saal-2\/","url":"https:\/\/eko-haus.de\/en\/teezeremonie-im-saal-2\/","name":"teezeremonie-im-saal &#8226; EKŌ-Haus","isPartOf":{"@id":"https:\/\/eko-haus.de\/en\/#website"},"datePublished":"2023-02-06T08:14:17+00:00","dateModified":"2023-11-21T09:40:54+00:00","breadcrumb":{"@id":"https:\/\/eko-haus.de\/en\/teezeremonie-im-saal-2\/#breadcrumb"},"inLanguage":"en-US","potentialAction":[{"@type":"ReadAction","target":["https:\/\/eko-haus.de\/en\/teezeremonie-im-saal-2\/"]}]},{"@type":"BreadcrumbList","@id":"https:\/\/eko-haus.de\/en\/teezeremonie-im-saal-2\/#breadcrumb","itemListElement":[{"@type":"ListItem","position":1,"name":"Startseite","item":"https:\/\/eko-haus.de\/en\/"},{"@type":"ListItem","position":2,"name":"teezeremonie-im-saal"}]},{"@type":"WebSite","@id":"https:\/\/eko-haus.de\/en\/#website","url":"https:\/\/eko-haus.de\/en\/","name":"EKŌ-Haus","description":"der JapanischenKulturen e.V.","potentialAction":[{"@type":"SearchAction","target":{"@type":"EntryPoint","urlTemplate":"https:\/\/eko-haus.de\/en\/?s={search_term_string}"},"query-input":{"@type":"PropertyValueSpecification","valueRequired":true,"valueName":"search_term_string"}}],"inLanguage":"en-US"}]}</script>
<!-- / Yoast SEO plugin. -->

teezeremonie-im-saal &#8226; EKŌ-Haus

EKŌ-Haus Düsseldorf

EKŌ-Haus

<p>EKŌ-Haus Düsseldorf</p>
